79*l + 1. Let r be i(2). Suppose 3*k - 717 - r = 0. What is the hundreds digit of k?
2
Let c = -9 + 26. Let f(p) = p + 27. What is the tens digit of f(c)?
4
Suppose -13*i - 117 = -4*i. Let r = i + 38. What is the units digit of r?
5
Let o(f) be the second derivative of -11*f**3/3 + f**2/2 + 2*f. Let p be o(-1). Suppose p*y = 24*y - 37. What is the units digit of y?
7
Let z be 2982/(-90) - (-2)/15. Let s = z + 61. What is the units digit of s?
8
Suppose -13*o + 2341 = -13896. What is the tens digit of o?
4
Suppose 0 = 5*r + f - 1552, 0 = -2*r + 3*f - 5*f + 616. What is the hundreds digit of r?
3
Let g be 2 + 1 - (-1608)/2. Suppose 4*w = 7*w - g. Suppose 2*k + 114 = 2*h, 2*k = 5*h + 5*k - w. What is the tens digit of h?
5
Let s(h) be the third derivative of h**6/120 + h**5/6 + h**4/6 - 7*h**3/6 + 22*h**2. What is the tens digit of s(-6)?
1
Let o be -3 - ((-4382)/21)/(1/3). Let r = o - 337. What is the hundreds digit of r?
2
Let x = -61 + 85. Suppose 5*r + 0*u = 2*u + 39, 0 = 2*r - 5*u - x. What is the units digit of r?
7
Suppose 2*z + 4*x - 7 = 1, z - 1 = x. Let t = 59 - z. What is the tens digit of t?
5
Let c(h) = -h**3 - 15*h**2 + 15*h + 13. Let w be c(-16). Let u = 58 + w. What is the units digit of u?
7
Let q(j) = -143*j + 2. What is the units digit of q(-1)?
5
Let m = -1674 - -1883. What is the hundreds digit of m?
2
Suppose -5517 = -q + 4*g, -27653 = -5*q - 38*g + 41*g. What is the thousands digit of q?
5
Suppose b = -5*k - 481 + 122, -3*b - 285 = 4*k. Let j = -50 - k. What is the tens digit of j?
2
Suppose -50 = -4*n - n. Suppose -n + 2 = -4*i. Suppose -2*m + 20 = 3*h, -m + i*m = -h + 12. What is the units digit of m?
6
Suppose 12 = -4*j + j, -2*j = 3*y + 29. Let u = 17 + y. Suppose -2*n - u = 3*b - 85, 2*n - b = 63. What is the units digit of n?
3
Suppose -5*h + 3037 + 5228 = 0. What is the units digit of h?
3
Let m = 1735 - 1147. What is the hundreds digit of m?
5
Suppose 0 = 3*z + 2*j - 10, -j + 5 = -0*z + z. What is the units digit of 32/48*(3 + z)?
2
Suppose 20*m - 19*m = 1. Let h be ((-39)/3)/(m*-1). Suppose -3*u + 109 = 5*a - h, -178 = -4*u + a. What is the tens digit of u?
4
Suppose -j + 63 = 4*o + o, -2*o - 4*j + 18 = 0. Let z = 0 + 4. Let n = o - z. What is the units digit of n?
9
Suppose -q + 1 = -4. Suppose 0 = q*z - l - 179, 2*z - 26 = -l + 47. Suppose 2*k = 3*k - z. What is the units digit of k?
6
Suppose 0*z + 6*z = 72. Let v(a) = 3*a**2 - 29*a + 27. What is the hundreds digit of v(z)?
1
Let v(w) be the second derivative of w**5/20 + 2*w**4/3 - w**3/6 - 7*w**2/2 + 2*w. Let h(f) = f - 15. Let z be h(7). What is the units digit of v(z)?
1
Suppose 4*r - 2 = b + 17, 5*b = 5*r - 35. Let l be 8/6*((-2)/(-4) + -2). What is the tens digit of (24 - 8)*b/l?
2
Let g(m) = 2794*m**3 + 11*m**2 - 10*m + 1. What is the hundreds digit of g(1)?
7
Suppose -14*s = -8*s - 5460. What is the units digit of s?
0
Let t be (-2)/(-9) + (-11)/((-594)/(-5196)). What is the units digit of ((t/10)/(-4))/((-9)/(-150))?
0
Let u(a) be the third derivative of -a**4/12 - a**3/2 + 13*a**2. Suppose 5*k = -8 - 2. What is the units digit of u(k)?
1
Let d(u) = 174*u**2 - 18*u + 92. What is the units digit of d(6)?
8
Let l(u) = 1882*u**2 - 44*u + 45. What is the thousands digit of l(1)?
1
Let z = 6 - 2. Suppose -z*t + 18 = -66. What is the units digit of t?
1
Suppose 0 = -2*i - 4*j + 548, -5*i + j + 857 = -2*i. What is the tens digit of i?
8
Let a(z) be the first derivative of -z**3/3 + z**2 + 22*z + 123. Suppose t + 12 = -3*l, 5*t - 3*t - 4 = l. What is the tens digit of a(t)?
2
Let g = -43 - -41. Let j(m) = 20*m**2 - 3*m - 3. What is the units digit of j(g)?
3
Suppose 5*n + 5 + 5 = 0. Let i be 2/4 + 3/n. Let r(t) = 4*t**2 + t. What is the units digit of r(i)?
3
What is the hundreds digit of 383 - -1*(-5)/(-5)*2?
3
Let x(l) = -l**3 - 16*l**2 - 16*l - 7. Let b be x(-15). Let i(c) = 3*c + 15. What is the tens digit of i(b)?
3
Suppose -2*x = 2 + 6, 3*q - 117 = 3*x. Let t be (-1)/7 + 3295/q. Suppose 2*f - t = -5*s, 0 = -3*s + 4*f + 14 + 32. What is the tens digit of s?
1
Let l = -40 - -52. Let o(w) = -w**2 + 9*w - 1. Let j be o(8). Suppose 0 = -j*k + l*k - 70. What is the tens digit of k?
1
Suppose -2*r = -3*r + 2. Suppose -5*y + 484 = 3*g + 122, -290 = -4*y - r*g. What is the units digit of y?
3
Suppose -2*r + 130 - 24 = 0. Let l = 78 - r. What is the units digit of l?
5
Let o = -136 - -487. What is the tens digit of o?
5
Suppose 3*q = q + 64. Suppose 3*n + 116 = q. What is the units digit of 2/(-4) - 126/n?
4
What is the units digit of 2/6 - (-201134)/237?
9
Let o(d) = -15*d - 13. Let h(k) = 15*k + 11. Let j(w) = 6*h(w) + 5*o(w). What is the tens digit of j(2)?
3
Suppose l + 4408 = 5*t - 2*t, -4*t + 5877 = -l. What is the hundreds digit of t?
4
Suppose s = -4*p - 3*s + 132, p = s + 31. Suppose p = m + 17. What is the tens digit of m?
1
What is the units digit of 772/24 - (10/(-12) + 1)?
2
Suppose -8*r - 2*r + 250 = 0. Let z be (10/3)/((-1)/(-6)). Let s = r - z. What is the units digit of s?
5
Let g(t) be the second derivative of 3*t + 1/3*t**3 + 9/2*t**2 + 0. What is the units digit of g(-4)?
1
Let w(t) = -340*t - 36. What is the hundreds digit of w(-3)?
9
Let h be 5*60/25 - -3. Suppose j - 4*i + 24 = -3*j, i + 14 = -3*j. Let z = h + j. What is the units digit of z?
0
Let s = -9 + 13. Suppose 2*m + 107 = 5*g, 4*g + 31*m - 36*m = 89. Let v = g - s. What is the units digit of v?
7
What is the tens digit of 4 - (12/126 - 288924/63)?
9
Let h be 12/(-54) + 0 + 2041/(-9). What is the units digit of h/(-2) - (-3)/6?
4
Suppose -q = -3*v + 44, -2*v + 30 = -q - 0*q. Let b(o) = 14*o + 11. What is the hundreds digit of b(v)?
2
Let f(h) = h - 1. Let d(y) = -53*y + 11. Let b(l) = d(l) + 3*f(l). What is the hundreds digit of b(-4)?
2
Let d(c) = 20*c**2 - 1 + 9*c**2 + 2 - 2. Let u = 17 + -16. What is the units digit of d(u)?
8
Suppose w = -2*w + 3, -29 = 2*r + 3*w. Let l(u) = -12*u + 8. What is the hundreds digit of l(r)?
2
Suppose 16*k + 10*k - 4108 = 0. What is the tens digit of k?
5
Suppose 0 = -4*l + 443 + 193. Suppose -4*i + l + 101 = 0. What is the tens digit of i?
6
Let t(q) = 3*q. Let h be t(-8). Let d = 70 + h. What is the tens digit of d?
4
Suppose 0 = i - 1 - 4. Let y(b) = -2*b. Let w(p) = 3*p**2 - 18*p + 6. Let g(m) = w(m) - 6*y(m). What is the units digit of g(i)?
1
Suppose 0 = -23*m + 11414 + 5353. What is the hundreds digit of m?
7
Let l(v) = 70*v + 63. What is the tens digit of l(13)?
7
Suppose 7*r = 11*r + 4*p - 848, -4*p - 227 = -r. What is the tens digit of r?
1
Let u(q) = -2*q**2 - 14*q + 11. Let p be u(-9). Let t = p - -89. What is the units digit of t?
4
Let r be (-174)/(-4)*((-75)/(-9) + -3). Suppose 224 = 3*v - r. What is the tens digit of v?
5
Let l(a) = 3*a**2 + 4*a + 666. What is the hundreds digit of l(0)?
6
Suppose -5*a + 10 = 3*i, 0 = i - 2*i + 3*a + 8. Suppose -i*c = 22 + 8. What is the units digit of ((-27)/3)/(3/c)?
8
Suppose 10 - 22 = -3*u. Suppose u*c - 2*c = 136. What is the tens digit of c?
6
Let n = 83 + 24. What is the tens digit of n?
0
Let c = -15 - -14. Let q(m) = m**3 + 13*m**2 - 12*m + 20. Let s be q(-14). What is the units digit of (-15 - c)*4/s?
7
Suppose -2*p + 138 = 5*r - 64, -4*p + 376 = -4*r. Let h = p - 80. What is the units digit of h?
6
What is the units digit of (-9039)/(-5) + 28/(-35)?
7
Let w(s) = s**3 - 21*s**2 + 18*s + 57. What is the hundreds digit of w(21)?
4
Suppose 3*s + 3*o + 6 = 0, 2*s + s + 6 = 5*o. Let a = s + 11. What is the units digit of a?
9
Suppose l - 200 - 195 = 5*b, 0 = 2*b + 2. Suppose -3*g + 0*g = -l. Suppose -5*r = -g + 5. What is the units digit of r?
5
What is the hundreds digit of 6/(-21) + -4 + (-3056)/(-14)?
2
Let l = 78 - 12. Suppose -r = -4*o + l, -3*r = 3*o - o - 40. Let x = 44 - o. What is the units digit of x?
7
Suppose 0 = j - 100 - 1078. What is the units digit of j?
8
Suppose -w = 2*w - 15. Let c(s) = -s**3 + 6*s**2 - 5*s + 6. Let m be c(w). Suppose -m*y + 4*y = -36. What is the tens digit of y?
1
Suppose -3*f = -2*j + 1029, 3*j + 1531 = 6*j - 2*f. What is the units digit of j?
7
Let q = -4 - -13. Let k(g) = g**3 - 10*g**2 + 8*g + 12. Let o be k(q). Suppose -o*u + u + x = -55, -2*u + 61 = -3*x. What is the units digit of u?
6
Suppose -5*q - 40 = -q. Let v = 5 + q. What is the units digit 